 15
12
What is the value of -22 - (3 - ((-25 - -11) + 26 + -6))?
-19
What is the value of (-60 - -29) + (-3 - -36)?
2
What is the value of -4 - 12 - (11 + -20 + 13 - -48)?
-68
What is the value of 0 - 138 - (75 + 169 + -267)?
-115
Evaluate (197 - 161) + (102 - 32).
106
151 - 136 - (-53 + 21)
47
147 + -38 + (35 - (-13 - -36))
121
What is the value of -206 + 147 + (-7 - -49)?
-17
Evaluate 28 + -95 - (-228 - -139).
22
Evaluate -19 + (26 - 31) + 49.
25
What is (-41 - (-36 - -20) - 0) + (5 - 0)?
-20
What is -2 + 3 - (147 - (285 - 173))?
-34
Calculate 26 + -1 + -10 + 36 + (-44 - -21).
28
Calculate -2448 + 2410 - (-78 + -2).
42
Calculate (0 - 10) + -30 + 84.
44
Evaluate (23 - (86 - -9)) + 12 + 11.
-49
What is (-2 - (-14 + 13)) + -1?
-2
What is 802 + -806 + (-7 + 7 - (7 - -1))?
-12
What is the value of -19 + -18 - 23 - -53?
-7
Calculate (-13 - -4) + 13 + -13 + -38 + -71.
-118
What is the value of -77 - (-31 + -23) - -21?
-2
Calculate (-2 - -14 - (5 - (49 + -21))) + -6.
29
Calculate -2 + 46 + (-1 - (17 + -47)).
73
What is the value of -3 + -16 + -6 + 43 + -150?
-132
Evaluate 37 + (-30 - (-15 - -13)) + (-2 - -3) + -1.
9
Evaluate (17 + -16 + -5 - 16) + 4 + 2 + -6.
-20
(-22 - 38) + 137 - 38
39
Evaluate -68 + -1 - (29 - (29 - (-26 - (-20 + 2)))).
-61
Evaluate 9 + (-54 + 23 - -19 - (-2 - 66)).
65
Evaluate (-4 + 3 - (6 - ((-15 - -53) + -7))) + -2.
22
What is the value of (95 - 208) + 120 + (-89 - (-3 + 2))?
-81
23 - (-16 - (-52 + 20))
7
What is the value of (11 - 23 - 14) + -19 + -1 + -19?
-65
Calculate 16 + 131 + -102 + 36.
81
What is 65 + -22 + 59 + -84?
18
What is -49 + 2 - (-2574 + 2443) - (-8 + 0)?
92
Evaluate (-96 - (104 - 165)) + 0 + 174.
139
What is the value of (19 + -1 - (-17 - (-33 - -7))) + (-94 - 4)?
-89
What is -4 + (10 - 21) + 23 + -16 + -13?
-21
What is 390 + -242 + -100 - (-25 + 0)?
73
Calculate 18 + 12 + -7 + 6 + -9 + 30 + -22.
28
(12 - (3 - 1)) + (1 - 24) + 279 + -267
-1
Evaluate 112 - 100 - 18 - (-2 - (0 - 1)) - -42.
37
-3 + 4 + (-3 - 6) - (15 - 22) - -4
3
Evaluate 3 - (-91 + (43 - 15)) - (-1 + -5).
72
Evaluate 293 + -249 + -19 + -5.
20
(-31 - 26) + (3 - 0 - (-5 + 6))
-55
What is the value of 7 - (9 - -6) - (-13 - -1 - (-103 + 92))?
-7
Evaluate 152 - (-17 - (17 + -45)) - 17.
124
What is (-15 + 35 - -8) + -54 - -13?
-13
Calculate -4530 + 4508 - (50 + 0).
-72
-306 + 293 - (-4 + (-4 + 5 - -21))
-31
What is the value of (-12 - (4 + 0)) + 13 + (3 - -40)?
40
Evaluate -73 - -40 - (-50 + 45 + (1 - -15)).
-44
Calculate 5 - (-4 + -7 + 17 + -18).
17
Calculate 63 - (-4 + -5 + (14 - (-7 - -20))).
71
What is the value of -79 - (-60 + -68 - -43)?
6
What is the value of (-1 - -135) + (108 - 179)?
63
Calculate (1 - (-6 + -5 + 6)) + -6 + -75 + 75.
0
What is -5 + (17 - -2 - (-34 - -37)) + -41 - -10?
-20
63 - (100 - 23) - (-27 - (0 + 0))
13
What is the value of (11 - 103) + -124 - -123?
-93
Evaluate (-16 - 11) + 111 + -55.
29
What is -30 + (6 - 2 - (-623 + 654))?
-57
What is -63 + -38 + 42 + 25 - -122?
88
Evaluate 117 - 60 - -8 - 210.
-145
What is the value of (-20 - -5) + -4 + 6 - (-48 - (-25 - 49))?
-39
What is -9 - (5 - (6 - 2)) - (36 + -34) - 1?
-13
What is -697 + 682 + -1 + 1 + 4 + (-46 - -4)?
-53
Evaluate -2 + 1 - 18 - (14 + (10 - (-27 + 55))).
-15
Calculate (47 - (-10 + 0 + 3)) + (-252 - -251).
53
56 + -88 - (-3 - -2)
-31
What is the value of -14 + (-15 + 12 - (-5 - (-6 - 6))) + 14?
-10
(40 - 37 - 2) + (0 - 0) + 36 + 52
89
37 + -23 - 0 - (1 - -44 - -4)
-35
Evaluate -3909 + 3956 + (0 - 56).
-9
-11 + (23 - (28 - 17)) - (3 + -8)
6
Evaluate (-5 - (13 + -6)) + (-80 - -62).
-30
-1 + 68 + -40 + -22
5
What is -2 + -45 + (-33 - (5 + -57))?
-28
1 + 14 - (70 - (65 + -12))
-2
Evaluate 4 + (5 - (-48 - -5)) - (55 - (19 + 28)).
44
Evaluate -71 - (-57 - -10 - -19).
-43
2 - (-22 + 32 - (25 + 9))
26
What is the value of -6 - (-6 + -10 + 55)?
-45
Calculate (-4 - -48 - 2 - 55) + 33.
20
Calculate -6 - (2 - 9 - -8) - (30 - 4).
-33
Evaluate -4 - (20 + (-14 + -9 - 18)).
17
What is -19 + 10 - -19 - ((-12 - -7) + -11)?
26
What is the value of 49 + (-7 - (-36 - -57)) + (-2 - (1 + 1))?
17
Calculate -51 + (-52 - (-37 + -88)) - (1 + -101).
122
What is the value of (4 - 1) + 11 - (-7 - (-42 + 18))?
-3
(5 - (54 + 5)) + 17
-37
Evaluate -75 + (55 - -5) + -14.
-29
What is the value of -2 - (-19 + (-6 + -19 - -24))?
18
What is the value of 3 + -24 + 33 + -14?
-2
What is the value of -12 + 2 - (14 - 45 - -14) - (1 - 65)?
71
Evaluate -21 - (15 + (-39 - -54) - 99).
48
(-23 - (2 + -50 + -5)) + 3 + -2
31
What is the value of -4 + 26 + 35 + (-3 - -3) + 17?
74
What is the value of -2 + -11 + -28 + (1 + 0 - 3) - -11?
-32
What is 6 + -7 - (-28 - (20 - 26))?
21
What is 12 + 3 + (-18 - -20) + 44 + -36?
25
1 + -7 - -31 - (55 - -3)
-33
Calculate (4 + -2 - -46) + (15 - 8 - 3).
52
-2 - (-12 + (1 - (10 - (11 - 3))))
11
Evaluate -8 + ((-2 - -9) + -6 - (-11 + 0)) + -8.
-4
What is -36 + 32 + 16 + 1 + -41 + 8?
-20
Evaluate (4 - 6) + 2 + (-264 - -231).
-33
What is (21 - -1 - -2) + -145 + 126?
5
What is 83 - (76 + -72 + 73)?
6
29 + -16 + -114 + 10 + -1
-92
Calculate (35 - 1 - (-54 - -78)) + 9.
19
2 + 85 - (1913 - 1959)
133
(-264 - -286) + (-3 - (9 + 2)) + 37
45
Evaluate 1 + (-2 - (1 + -13) - (-73 - -93)).
-9
-15331 + 15374 - (-1 + 137 + 1)
-94
Evaluate -9 + 77 - 45 - (2 - (6 + -1)).
26
What is (-46 - -4) + (525 - 532)?
-49
Evaluate 118 + 76 + (-33 - 120).
41
What is -14 - (-11 - -20 - 4 - 26)?
7
What is 1 + -1 + -12 + (-85 - -18) + 137?
58
What is 89 - (31 + 22 + -31 + -37)?
104
What is 53 + (21 - 47) + -38 - ((-147 - 3) + 4)?
135
What is the value of 2 + 21 - ((-24 - -19) + 2 + -7 + 2)?
31
Evaluate (-167 - -183 - (3 + 23)) + 1 + (1 - -58).
50
-17 + 43 + (-3 - -17) + -5
35
-35 + (25 - -91) + -10
71
Evaluate (-31 - 10) + -11 + (-23 - -5).
-70
What is the value of 1 + (1 - 1 - (-112 - -66 - -5))?
42
Calculate -1 + 3 + -13 + -135 + -56 + 107.
-95
Evaluate (-40 - (-28 + 51)) + (-27 - 0).
-90
(2 - 8) + (2 - (8 - -2) - (-24 + 61))
-51
Calculate 0 + 81 + (170 - 182) - (-8 - -2).
75
What is the value of -68 + (3 - -1) - (9 + 5 + -14 + -10)?
-54
What is -19 - (5 - (-76 - (18 - 47)))?
-71
Calculate -17 + 24 + (-14 - -26 - 27) + 3.
-5
Calculate (13 - 53) + (32 - 42 - (-7 - 7)).
-36
10 + (-2 + -15 - -6) - -1 - -53
53
Evaluate 154 + -22 + 11 + -65 + 57 + -1 + 11.
145
(-1 - 48) + (-3 - 29 - -36) - -9
-36
(83 - 101) + 7 + -9 + 11 + 9
0
Evaluate -37 + (-23 - 8) + 33.
-35
104 + 2 + -12 + (11 - (7 + 6)) + 5
97
(-2 - -23) + 63 + -31 + -107
-54
What is the value of 1 + -2 - 4 - (3 - 22 - (63 + -86))?
-9
-3 + (-8 - (-12 + (27 - 17))) - -24
15
What is the value of -44 + (36 + -18 - -92)?
66
What is the value of -22 + 22 - (36 + (-6 - (3 + -6)))?
-33
What is 16 + (-14 - -2 - (135 - 119))?
-12
What is (-33 - (-2 + -74)) + -3 + -30?
10
Calculate (-1 + 18 - (2 - 11)) + (18 - -1).
45
Calculate -55 - ((-132 - -94) + 7).
-24
What is 12 - (14 - 16 - (2 + -6)) - -16?
26
115 + -186 + 67 + -12 + 2
-14
Evaluate 3 - 2 - 1 - (67 - (58 + -6)).
-15
Calculate 6 + 8 + -5 + ((5 - -42) + 4 - -4).
64
130 - (144 - -21) - -95
60
Calculate -22 + (-7 - 20 - -17) - -145.
113
What is (-6 + 4 - 20) + 2333 + -2200?
111
What is the value of -10 + 93 + -76 + (9 - -4)?
20
Evaluate -7 + -3 - (22 + -29 + 6) - -17.
8
Calculate 7 - (7 - 28 - (10 + (-2 - 4))).
32
What is the value of 14 + 10 + 5 + -88 + 4?
-55
-3 - (9 - 7 - (12 - (17 + -11)))
1
What is 92 - (103 - (48 - 23)) - (-1 + (2 - -54))?
-41
11 + -72 + -20 - 13 - (6 - 0 - 1)
-99
1 + (0 - 105) + (-1180 - -1207)
-77
What is the value of 46 + 19 + -70 + 4 + 30?
29
Calculate -22 + (37 - 1) + -14 - (-1 + -74).
75
-29 - (-3 + (10 - -2) + -185 + 175)
-28
-132 + (81 - 65) + -4 + 0 + (2 - 12)
-130
Calculate (28 - 80) + (4 - -8) + 10.
-30
(1722 - 1719) + (22 - (0 - -1))
24
Evaluate -10 + (46 - 42) + (42 - 2).
34
14 - (7 - (-63 - -26 - -20))
-10
What is the value of (-137 - -124) + 108 - (11 - 1)?
85
-191 + 95 + 231 - 78
57
Evaluate -98 - (-6 + 34 + -3 + -22).
-101
140 + (-62 - (80 + -57))
55
Calculate -87 + -51 - -66 - -157.
85
Evaluate -2 + (4 - (-13 - (11 + -11 - -43))).
58
Evaluate (-2 - -20) + -28 + -57.
-67
Evaluate 0 - (-78 - 0) - (-13 + -13 + -49 + 82).
71
What is the value of -37 - (8 + -22 + 24 - 13)?
-34
What is the value of (-15 - (-2 - 0)) + 4219 + -4219?
-13
Calculate -48 + (35 - (23 - -39)).
-75
What